{"id":86,"date":"2024-06-20T14:18:39","date_gmt":"2024-06-20T12:18:39","guid":{"rendered":"https:\/\/abogadaenextranjeria.com\/wordpress\/?page_id=86"},"modified":"2024-07-17T17:06:25","modified_gmt":"2024-07-17T15:06:25","slug":"terminos-y-condiciones","status":"publish","type":"page","link":"https:\/\/abogadaenextranjeria.com\/?page_id=86","title":{"rendered":"T\u00e9rminos y Condiciones"},"content":{"rendered":"\n<p class=\"has-heading-font-family\">La titular de este Sitio Web es Sarah Rios, con N.I.F. 79033500A, domicilio sito en R\u00faa do Panasco n\u00fam. 14, 36350 Nigr\u00e1n, Pontevedra, correo electr\u00f3nico info@abogadaenextranjeria.com y n\u00famero de tel\u00e9fono 611732778.<\/p>\n\n\n\n<h4 class=\"wp-block-heading\">I. Objeto<\/h4>\n\n\n\n<p class=\"has-heading-font-family\">El objeto del presente documento es regular el acceso y navegaci\u00f3n al Sitio Web <a href=\"http:\/\/www.sarahlaabogada.com\">www.abogadaenextranjeria.com<\/a>, para lo cual el usuario deber\u00e1 sujetarse a los presentes t\u00e9rminos y condiciones.<\/p>\n\n\n\n<p class=\"has-heading-font-family\">El acceso al mismo no requiere de registro, es libre y gratuito. S\u00ed ser\u00e1 necesario cubrir el formulario de contacto o el calendario de citas, para acceder al servicio de orientaci\u00f3n jur\u00eddica o para la encomendaci\u00f3n de tr\u00e1mites, los cuales se regir\u00e1n por t\u00e9rminos y condiciones distintos a los presentes y tendr\u00e1n un precio, todo ello ser\u00e1 informado y aceptado expresamente por el usuario al contratar el servicio.<\/p>\n\n\n\n<p class=\"has-heading-font-family\">La responsable se reserva el derecho a actualizar, modificar o eliminar la informaci\u00f3n contenida en su Sitio Web, pudiendo limitar o impedir el acceso a esta informaci\u00f3n a los usuarios, en cualquier momento y sin previo aviso. El Sitio Web est\u00e1 dirigido a usuarios residentes en Espa\u00f1a mayores de edad y cumple con la normativa de este pa\u00eds. Sin embargo, dado que el servicio que se da a conocer en el Sitio Web se desarrollar\u00e1 de forma telem\u00e1tica, si accede al mismo un usuario residente en otro pa\u00eds o menor de edad, lo har\u00e1 bajo su responsabilidad. Aquellas personas que se encuentren en territorio nacional y que contraten nuestros servicios de orientaci\u00f3n jur\u00eddica y\/o realizaci\u00f3n de tr\u00e1mites, ser\u00e1n contactadas por tel\u00e9fono, por WhatsApp y otras aplicaciones de contacto, mientras que aquellas que se encuentren en el extranjero o no dispongan de un n\u00famero de tel\u00e9fono nacional, ser\u00e1n contactadas a trav\u00e9s de WhatsApp y otras aplicaciones de contacto.<\/p>\n\n\n\n<h4 class=\"wp-block-heading\">II. Uso del servicio y responsabilidades<\/h4>\n\n\n\n<p class=\"has-heading-font-family\">El usuario del sitio web se compromete a proporcionar informaci\u00f3n ver\u00eddica en todo momento.<\/p>\n\n\n\n<p class=\"has-heading-font-family\">La actividad del usuario en el Sitio Web se ajustar\u00e1 a lo establecido en los presentes T\u00e9rminos y Condiciones. El usuario se compromete a utilizar el contenido de forma l\u00edcita, sin faltar a la moral o al orden p\u00fablico, absteni\u00e9ndose de realizar cualquier acto que afecte a los derechos de terceros o al funcionamiento del Sitio Web.<\/p>\n\n\n\n<p class=\"has-heading-font-family\">El acceso al Sitio Web no supone una relaci\u00f3n entre el usuario y el titular del Sitio Web.<\/p>\n\n\n\n<h4 class=\"wp-block-heading\">III. Acceso y Navegaci\u00f3n en el Sitio Web<\/h4>\n\n\n\n<p class=\"has-heading-font-family\">La titular no se hace responsable de los perjuicios al usuario derivados del mal funcionamiento del sitio web, como, por ejemplo, la falta de registro de una consulta o una cita en el calendario.<\/p>\n\n\n\n<p class=\"has-heading-font-family\">El titular no se hace responsable por errores que da\u00f1en total o parcialmente el software o hardware del equipo en el que el usuario accede al sitio web.<\/p>\n\n\n\n<h4 class=\"wp-block-heading\">IV. Pol\u00edtica de Privacidad y Protecci\u00f3n de Datos<\/h4>\n\n\n\n<p class=\"has-heading-font-family\">En lo que respecta a la protecci\u00f3n de datos, cons\u00faltese la pol\u00edtica de privacidad.<\/p>\n\n\n\n<h4 class=\"wp-block-heading\">V. Pol\u00edtica de Cookies<\/h4>\n\n\n\n<p class=\"has-heading-font-family\">El presente Sitio Web utiliza cookies propias, y en su caso, de terceros. Seg\u00fan la R.A.E. las cookies son un <em>\u201cpeque\u00f1o archivo de texto enviado por un sitio web y almacenado en el navegador del usuario, cuyas actividades y preferencias captura\u201d.<\/em><\/p>\n\n\n\n<p class=\"has-heading-font-family\">La finalidad de la utilizaci\u00f3n de cookies por este Sitio Web consiste en la mejora de la prestaci\u00f3n del servicio. Las mismas analizar\u00e1n el modo en el que el usuario interact\u00faa con nuestro Sitio Web. Los datos recabados para ello informar\u00e1n de uso que se realiza del Sitio Web, algunos ejemplos son: la fecha y hora en la que se visita el Sitio Web, las p\u00e1ginas que ha consultado, el tiempo de permanencia en el Sitio Web o los sitios webs visitados inmediatamente antes y despu\u00e9s del presente. Aquellas cookies que recaben informaci\u00f3n que permita la identificaci\u00f3n del usuario ser\u00e1n tomadas como datos personales, y por lo tanto les ser\u00e1 de aplicaci\u00f3n la Pol\u00edtica de Privacidad.<\/p>\n\n\n\n<p class=\"has-heading-font-family\">Podemos clasificar las Cookies seg\u00fan si requieren del consentimiento del usuario (exceptuadas y no exceptuadas), seg\u00fan la entidad que las gestione (cookies propias o de terceros), por el tiempo que permanecen activas (de sesi\u00f3n o persistentes), o en funci\u00f3n de su finalidad (t\u00e9cnicas, de personalizaci\u00f3n, de an\u00e1lisis, publicitarias, de publicidad comportamental, de complementos, de reproductor multimedia, etc.)<\/p>\n\n\n\n<p class=\"has-heading-font-family\">El usuario est\u00e1 facultado para deshabilitarlas en cualquier momento con las consecuencias que esto conlleva. A menudo los navegadores aceptan cookies autom\u00e1ticamente, pero puede rechazarlas en su configuraci\u00f3n.<\/p>\n\n\n\n<p class=\"has-heading-font-family\">En el Sitio Web se utiliza las siguientes cookies:<\/p>\n\n\n\n<details class=\"wp-block-details has-heading-font-family is-layout-flow wp-block-details-is-layout-flow\"><summary>Tokens de estado privado<\/summary>\n<p>Pretenden garantizar la autenticidad del usuario que interact\u00faa con el sitio web, distinguiendo al mismo de los bots. No permite la identificaci\u00f3n del usuario. <\/p>\n<\/details>\n\n\n\n<details class=\"wp-block-details has-heading-font-family is-layout-flow wp-block-details-is-layout-flow\"><summary>Cache storage<\/summary>\n<p><\/p>\n<\/details>\n\n\n\n<details class=\"wp-block-details has-heading-font-family is-layout-flow wp-block-details-is-layout-flow\"><summary>Shared storage<\/summary>\n<p><\/p>\n<\/details>\n\n\n\n<details class=\"wp-block-details is-layout-flow wp-block-details-is-layout-flow\"><summary>Interest groups<\/summary>\n<p><\/p>\n<\/details>\n\n\n\n<h4 class=\"wp-block-heading\">VI. Pol\u00edtica de enlaces<\/h4>\n\n\n\n<p class=\"has-heading-font-family\">La responsable no asume ning\u00fan tipo de responsabilidad por la informaci\u00f3n contenida en p\u00e1ginas webs de terceros a las que se pueda acceder por \u201clinks\u201d o enlaces desde este Sitio Web. La presencia de estos \u201clinks\u201d tiene una funci\u00f3n exclusivamente informativa, sin que suponga la sugerencia, invitaci\u00f3n o reconocimiento.<\/p>\n\n\n\n<h4 class=\"wp-block-heading\">VII. Pol\u00edtica de Propiedad Industrial e Intelectual<\/h4>\n\n\n\n<p class=\"has-heading-font-family\">La titular del Sitio Web se reserva los derechos de propiedad intelectual e industrial del propio Sitio Web, as\u00ed como de todos aquellos contenidos que en \u00e9l se publiquen, tales como dise\u00f1o gr\u00e1fico, c\u00f3digos, etc. El usuario se compromete a respetar los derechos del titular, queda prohibida su distribuci\u00f3n, reproducci\u00f3n, comunicaci\u00f3n p\u00fablica o cualquier otra utilizaci\u00f3n de estos contenidos.<\/p>\n\n\n\n<h4 class=\"wp-block-heading\">VIII. Legislaci\u00f3n aplicable y jurisdicci\u00f3n competente<\/h4>\n\n\n\n<p class=\"has-heading-font-family\">Las posibles controversias que puedan darse entre los usuarios y la titular del Sitio Web se resolver\u00e1n con ajuste a la legislaci\u00f3n espa\u00f1ola, y ser\u00e1n competentes los Juzgados de Vigo.<\/p>\n","protected":false},"excerpt":{"rendered":"<p>La titular de este Sitio Web es Sarah Rios, con N.I.F. 79033500A, domicilio sito en R\u00faa do Panasco n\u00fam. 14, 36350 Nigr\u00e1n, Pontevedra, correo electr\u00f3nico info@abogadaenextranjeria.com y n\u00famero de tel\u00e9fono 611732778. I. Objeto El objeto del presente documento es regular el acceso y navegaci\u00f3n al Sitio Web www.abogadaenextranjeria.com, para lo cual el usuario deber\u00e1 sujetarse [&hellip;]<\/p>\n","protected":false},"author":1,"featured_media":0,"parent":0,"menu_order":0,"comment_status":"closed","ping_status":"closed","template":"","meta":{"footnotes":""},"class_list":["post-86","page","type-page","status-publish","hentry"],"_links":{"self":[{"href":"https:\/\/abogadaenextranjeria.com\/index.php?rest_route=\/wp\/v2\/pages\/86","targetHints":{"allow":["GET"]}}],"collection":[{"href":"https:\/\/abogadaenextranjeria.com\/index.php?rest_route=\/wp\/v2\/pages"}],"about":[{"href":"https:\/\/abogadaenextranjeria.com\/index.php?rest_route=\/wp\/v2\/types\/page"}],"author":[{"embeddable":true,"href":"https:\/\/abogadaenextranjeria.com\/index.php?rest_route=\/wp\/v2\/users\/1"}],"replies":[{"embeddable":true,"href":"https:\/\/abogadaenextranjeria.com\/index.php?rest_route=%2Fwp%2Fv2%2Fcomments&post=86"}],"version-history":[{"count":5,"href":"https:\/\/abogadaenextranjeria.com\/index.php?rest_route=\/wp\/v2\/pages\/86\/revisions"}],"predecessor-version":[{"id":277,"href":"https:\/\/abogadaenextranjeria.com\/index.php?rest_route=\/wp\/v2\/pages\/86\/revisions\/277"}],"wp:attachment":[{"href":"https:\/\/abogadaenextranjeria.com\/index.php?rest_route=%2Fwp%2Fv2%2Fmedia&parent=86"}],"curies":[{"name":"wp","href":"https:\/\/api.w.org\/{rel}","templated":true}]}}

Términos y Condiciones

<p class="has-heading-font-family">La titular de este Sitio Web es Sarah Rios, con N.I.F. 79033500A, domicilio sito en Rúa do Panasco núm. 14, 36350 Nigrán, Pontevedra, correo electrónico info@abogadaenextranjeria.com y número de teléfono 611732778.</p>



<h4 class="wp-block-heading">I. Objeto</h4>



<p class="has-heading-font-family">El objeto del presente documento es regular el acceso y navegación al Sitio Web <a href="http://www.sarahlaabogada.com">www.abogadaenextranjeria.com</a>, para lo cual el usuario deberá sujetarse a los presentes términos y condiciones.</p>



<p class="has-heading-font-family">El acceso al mismo no requiere de registro, es libre y gratuito. Sí será necesario cubrir el formulario de contacto o el calendario de citas, para acceder al servicio de orientación jurídica o para la encomendación de trámites, los cuales se regirán por términos y condiciones distintos a los presentes y tendrán un precio, todo ello será informado y aceptado expresamente por el usuario al contratar el servicio.</p>



<p class="has-heading-font-family">La responsable se reserva el derecho a actualizar, modificar o eliminar la información contenida en su Sitio Web, pudiendo limitar o impedir el acceso a esta información a los usuarios, en cualquier momento y sin previo aviso. El Sitio Web está dirigido a usuarios residentes en España mayores de edad y cumple con la normativa de este país. Sin embargo, dado que el servicio que se da a conocer en el Sitio Web se desarrollará de forma telemática, si accede al mismo un usuario residente en otro país o menor de edad, lo hará bajo su responsabilidad. Aquellas personas que se encuentren en territorio nacional y que contraten nuestros servicios de orientación jurídica y/o realización de trámites, serán contactadas por teléfono, por WhatsApp y otras aplicaciones de contacto, mientras que aquellas que se encuentren en el extranjero o no dispongan de un número de teléfono nacional, serán contactadas a través de WhatsApp y otras aplicaciones de contacto.</p>



<h4 class="wp-block-heading">II. Uso del servicio y responsabilidades</h4>



<p class="has-heading-font-family">El usuario del sitio web se compromete a proporcionar información verídica en todo momento.</p>



<p class="has-heading-font-family">La actividad del usuario en el Sitio Web se ajustará a lo establecido en los presentes Términos y Condiciones. El usuario se compromete a utilizar el contenido de forma lícita, sin faltar a la moral o al orden público, absteniéndose de realizar cualquier acto que afecte a los derechos de terceros o al funcionamiento del Sitio Web.</p>



<p class="has-heading-font-family">El acceso al Sitio Web no supone una relación entre el usuario y el titular del Sitio Web.</p>



<h4 class="wp-block-heading">III. Acceso y Navegación en el Sitio Web</h4>



<p class="has-heading-font-family">La titular no se hace responsable de los perjuicios al usuario derivados del mal funcionamiento del sitio web, como, por ejemplo, la falta de registro de una consulta o una cita en el calendario.</p>



<p class="has-heading-font-family">El titular no se hace responsable por errores que dañen total o parcialmente el software o hardware del equipo en el que el usuario accede al sitio web.</p>



<h4 class="wp-block-heading">IV. Política de Privacidad y Protección de Datos</h4>



<p class="has-heading-font-family">En lo que respecta a la protección de datos, consúltese la política de privacidad.</p>



<h4 class="wp-block-heading">V. Política de Cookies</h4>



<p class="has-heading-font-family">El presente Sitio Web utiliza cookies propias, y en su caso, de terceros. Según la R.A.E. las cookies son un <em>“pequeño archivo de texto enviado por un sitio web y almacenado en el navegador del usuario, cuyas actividades y preferencias captura”.</em></p>



<p class="has-heading-font-family">La finalidad de la utilización de cookies por este Sitio Web consiste en la mejora de la prestación del servicio. Las mismas analizarán el modo en el que el usuario interactúa con nuestro Sitio Web. Los datos recabados para ello informarán de uso que se realiza del Sitio Web, algunos ejemplos son: la fecha y hora en la que se visita el Sitio Web, las páginas que ha consultado, el tiempo de permanencia en el Sitio Web o los sitios webs visitados inmediatamente antes y después del presente. Aquellas cookies que recaben información que permita la identificación del usuario serán tomadas como datos personales, y por lo tanto les será de aplicación la Política de Privacidad.</p>



<p class="has-heading-font-family">Podemos clasificar las Cookies según si requieren del consentimiento del usuario (exceptuadas y no exceptuadas), según la entidad que las gestione (cookies propias o de terceros), por el tiempo que permanecen activas (de sesión o persistentes), o en función de su finalidad (técnicas, de personalización, de análisis, publicitarias, de publicidad comportamental, de complementos, de reproductor multimedia, etc.)</p>



<p class="has-heading-font-family">El usuario está facultado para deshabilitarlas en cualquier momento con las consecuencias que esto conlleva. A menudo los navegadores aceptan cookies automáticamente, pero puede rechazarlas en su configuración.</p>



<p class="has-heading-font-family">En el Sitio Web se utiliza las siguientes cookies:</p>



<details class="wp-block-details has-heading-font-family is-layout-flow wp-block-details-is-layout-flow"><summary>Tokens de estado privado</summary>
<p>Pretenden garantizar la autenticidad del usuario que interactúa con el sitio web, distinguiendo al mismo de los bots. No permite la identificación del usuario. </p>
</details>



<details class="wp-block-details has-heading-font-family is-layout-flow wp-block-details-is-layout-flow"><summary>Cache storage</summary>
<p></p>
</details>



<details class="wp-block-details has-heading-font-family is-layout-flow wp-block-details-is-layout-flow"><summary>Shared storage</summary>
<p></p>
</details>



<details class="wp-block-details is-layout-flow wp-block-details-is-layout-flow"><summary>Interest groups</summary>
<p></p>
</details>



<h4 class="wp-block-heading">VI. Política de enlaces</h4>



<p class="has-heading-font-family">La responsable no asume ningún tipo de responsabilidad por la información contenida en páginas webs de terceros a las que se pueda acceder por “links” o enlaces desde este Sitio Web. La presencia de estos “links” tiene una función exclusivamente informativa, sin que suponga la sugerencia, invitación o reconocimiento.</p>



<h4 class="wp-block-heading">VII. Política de Propiedad Industrial e Intelectual</h4>



<p class="has-heading-font-family">La titular del Sitio Web se reserva los derechos de propiedad intelectual e industrial del propio Sitio Web, así como de todos aquellos contenidos que en él se publiquen, tales como diseño gráfico, códigos, etc. El usuario se compromete a respetar los derechos del titular, queda prohibida su distribución, reproducción, comunicación pública o cualquier otra utilización de estos contenidos.</p>



<h4 class="wp-block-heading">VIII. Legislación aplicable y jurisdicción competente</h4>



<p class="has-heading-font-family">Las posibles controversias que puedan darse entre los usuarios y la titular del Sitio Web se resolverán con ajuste a la legislación española, y serán competentes los Juzgados de Vigo.</p>

<p>La titular de este Sitio Web es Sarah Rios, con N.I.F. 79033500A, domicilio sito en Rúa do Panasco núm. 14, 36350 Nigrán, Pontevedra, correo electrónico info@abogadaenextranjeria.com y número de teléfono 611732778. I. Objeto El objeto del presente documento es regular el acceso y navegación al Sitio Web www.abogadaenextranjeria.com, para lo cual el usuario deberá sujetarse [&hellip;]</p>
