{"id":80,"date":"2024-06-20T13:54:42","date_gmt":"2024-06-20T11:54:42","guid":{"rendered":"https:\/\/abogadaenextranjeria.com\/wordpress\/?page_id=80"},"modified":"2024-07-17T16:51:52","modified_gmt":"2024-07-17T14:51:52","slug":"politica-de-privacidad","status":"publish","type":"page","link":"https:\/\/abogadaenextranjeria.com\/?page_id=80","title":{"rendered":"Pol\u00edtica de Privacidad"},"content":{"rendered":"\n<p class=\"has-heading-font-family\">Con la finalidad de dar cumplimiento a lo dispuesto en el Reglamento (UE) 2016\/679 del Parlamento Europeo y del Consejo, de 27 de abril de 2016, relativo a la Protecci\u00f3n de las Personas F\u00edsicas en lo que respecta el Tratamiento de Datos Personales y a la Libre Circulaci\u00f3n de estos, en la Ley Org\u00e1nica 3\/2018, de 5 de diciembre, de protecci\u00f3n de datos y garant\u00eda de los derechos digitales (LOPDGDD) y en la Ley 34\/2002 (LSSICE), le informamos de lo siguiente acerca de nuestra pol\u00edtica de privacidad que regula el acceso y el uso del servicio:<\/p>\n\n\n\n<ul class=\"wp-block-list\">\n<li class=\"has-heading-font-family\">La responsable del tratamiento de sus datos es D\u00f1a. Sarah Rios con NIF 79033500A, abogada colegiada n\u00fam. 4.057 del Ilustre Colegio de la Abogac\u00eda de Vigo, Graduada en Derecho y en el M\u00e1ster de Abogac\u00eda por la Universidad de Vigo, con domicilio sito en R\u00faa do Panasco n\u00fam. 14, 36350 Nigr\u00e1n, Pontevedra; correo electr\u00f3nico info@abogadaenextranjeria.com y n\u00famero de tel\u00e9fono 611732778. La titularidad del dominio del sitio web pertenece a D\u00f1a. Sarah Rios, as\u00ed como su uso y explotaci\u00f3n.<\/li>\n\n\n\n<li class=\"has-heading-font-family\">La base de legitimaci\u00f3n de D\u00f1a. Sarah Rios para el tratamiento de sus datos a trav\u00e9s de este Sitio Web se encuentra en su consentimiento al mismo, as\u00ed como la ejecuci\u00f3n del contrato. La informaci\u00f3n personal que nos facilite ser\u00e1 tratada con el fin de prestar los servicios objeto de contrato, tambi\u00e9n podr\u00e1 ser utilizada para responder a las consultas realizadas a trav\u00e9s de cualquier v\u00eda, env\u00edo de facturas o cualquier informaci\u00f3n que pudiera ser de su inter\u00e9s o necesaria para una correcta gesti\u00f3n del expediente. El interesado podr\u00e1 retirar su consentimiento en cualquier momento enviando un correo electr\u00f3nico a la siguiente direcci\u00f3n: info@abogadaenextranjeria.com.<\/li>\n\n\n\n<li class=\"has-heading-font-family\">Usted consiente expresamente la cesi\u00f3n de sus datos a terceros cuando sea necesario para la correcta prestaci\u00f3n del servicio.<\/li>\n\n\n\n<li class=\"has-heading-font-family\">Los datos proporcionados se conservar\u00e1n durante el tiempo que dure la relaci\u00f3n contractual y durante el plazo por el cual pudieran derivarse responsabilidades por los servicios prestados. Estos plazos son los siguientes: 6 a\u00f1os respecto a los libros de contabilidad, facturas, etc. de conformidad con el art\u00edculo 30 del C\u00f3digo de Comercio; 5 a\u00f1os para las acciones personales sin plazo especial, seg\u00fan el art\u00edculo 1964 del C\u00f3digo Civil; 10 a\u00f1os para las acciones derivadas de la Ley 10\/2010, de 28 de abril, de Prevenci\u00f3n de Blanqueo de Capitales y Financiaci\u00f3n del terrorismo, seg\u00fan lo dispuesto en su art\u00edculo 25; y 4 a\u00f1os respecto a obligaciones tributarias, atendiendo a los art\u00edculos 66 y siguientes de la Ley General Tributaria.<\/li>\n\n\n\n<li class=\"has-heading-font-family\">Derechos del usuario en relaci\u00f3n con sus datos:<\/li>\n<\/ul>\n\n\n\n<p class=\"has-heading-font-family\">&#8211; Acceder a sus datos personales,<\/p>\n\n\n\n<p class=\"has-heading-font-family\">&#8211; Solicitar la rectificaci\u00f3n de los datos inexactos o<\/p>\n\n\n\n<p class=\"has-heading-font-family\">&#8211; Solicitar la supresi\u00f3n de sus datos,<\/p>\n\n\n\n<p class=\"has-heading-font-family\">&#8211; Solicitar la limitaci\u00f3n al tratamiento de sus datos,<\/p>\n\n\n\n<p class=\"has-heading-font-family\">&#8211; Oponerse al tratamiento de sus datos,<\/p>\n\n\n\n<p class=\"has-heading-font-family\">&#8211; Solicitar su portabilidad, <\/p>\n\n\n\n<p class=\"has-heading-font-family\">&#8211; Solicitar el derecho al olvido,<\/p>\n\n\n\n<p class=\"has-heading-font-family\">&#8211; No ser objeto de decisiones basadas \u00fanicamente en el tratamiento automatizado de datos.<\/p>\n\n\n\n<p class=\"has-heading-font-family\">Puede ejercer todos estos derechos enviando un correo electr\u00f3nico a la direcci\u00f3n: info@abogadaenextranjeria.com indicando su nombre completo, el derecho que desea ejercer y aportando una copia de su documento de identificaci\u00f3n.<\/p>\n\n\n\n<ul class=\"wp-block-list\">\n<li class=\"has-heading-font-family\">La responsable mantiene los niveles de seguridad de protecci\u00f3n de datos personales de conformidad a lo dispuesto en la legislaci\u00f3n aplicable, empleando medios t\u00e9cnicos que eviten la p\u00e9rdida, mal uso, alteraci\u00f3n, acceso no autorizado o robo de datos, no obstante, se advierte, debido al avance de las nuevas tecnolog\u00edas, de la susceptibilidad de cualquier Sitio Web para ser v\u00edctima de un ciberataque.<\/li>\n\n\n\n<li class=\"has-heading-font-family\">La responsable se compromete a cumplir con el deber de secreto y confidencialidad para con sus datos, y a ceder los mismos en condiciones de seguridad cuando sea necesario para la prestaci\u00f3n del servicio.<\/li>\n\n\n\n<li class=\"has-heading-font-family\">La responsable se reserva el derecho de revisar esta Pol\u00edtica de Privacidad en el momento que lo considere. Cuando as\u00ed lo efect\u00fae se comunicar\u00e1 al usuario.<\/li>\n\n\n\n<li class=\"has-heading-font-family\">El interesado declara haber sido informado de las condiciones sobre protecci\u00f3n de datos personales, aceptando y consintiendo el tratamiento de los mismos por parte de D\u00f1a. Sarah Rios, en la forma y para las finalidades indicadas.<\/li>\n<\/ul>\n","protected":false},"excerpt":{"rendered":"<p>Con la finalidad de dar cumplimiento a lo dispuesto en el Reglamento (UE) 2016\/679 del Parlamento Europeo y del Consejo, de 27 de abril de 2016, relativo a la Protecci\u00f3n de las Personas F\u00edsicas en lo que respecta el Tratamiento de Datos Personales y a la Libre Circulaci\u00f3n de estos, en la Ley Org\u00e1nica 3\/2018, [&hellip;]<\/p>\n","protected":false},"author":1,"featured_media":0,"parent":0,"menu_order":0,"comment_status":"closed","ping_status":"closed","template":"","meta":{"footnotes":""},"class_list":["post-80","page","type-page","status-publish","hentry"],"_links":{"self":[{"href":"https:\/\/abogadaenextranjeria.com\/index.php?rest_route=\/wp\/v2\/pages\/80","targetHints":{"allow":["GET"]}}],"collection":[{"href":"https:\/\/abogadaenextranjeria.com\/index.php?rest_route=\/wp\/v2\/pages"}],"about":[{"href":"https:\/\/abogadaenextranjeria.com\/index.php?rest_route=\/wp\/v2\/types\/page"}],"author":[{"embeddable":true,"href":"https:\/\/abogadaenextranjeria.com\/index.php?rest_route=\/wp\/v2\/users\/1"}],"replies":[{"embeddable":true,"href":"https:\/\/abogadaenextranjeria.com\/index.php?rest_route=%2Fwp%2Fv2%2Fcomments&post=80"}],"version-history":[{"count":4,"href":"https:\/\/abogadaenextranjeria.com\/index.php?rest_route=\/wp\/v2\/pages\/80\/revisions"}],"predecessor-version":[{"id":276,"href":"https:\/\/abogadaenextranjeria.com\/index.php?rest_route=\/wp\/v2\/pages\/80\/revisions\/276"}],"wp:attachment":[{"href":"https:\/\/abogadaenextranjeria.com\/index.php?rest_route=%2Fwp%2Fv2%2Fmedia&parent=80"}],"curies":[{"name":"wp","href":"https:\/\/api.w.org\/{rel}","templated":true}]}}

Política de Privacidad

<p class="has-heading-font-family">Con la finalidad de dar cumplimiento a lo dispuesto en el Reglamento (UE) 2016/679 del Parlamento Europeo y del Consejo, de 27 de abril de 2016, relativo a la Protección de las Personas Físicas en lo que respecta el Tratamiento de Datos Personales y a la Libre Circulación de estos, en la Ley Orgánica 3/2018, de 5 de diciembre, de protección de datos y garantía de los derechos digitales (LOPDGDD) y en la Ley 34/2002 (LSSICE), le informamos de lo siguiente acerca de nuestra política de privacidad que regula el acceso y el uso del servicio:</p>



<ul class="wp-block-list">
<li class="has-heading-font-family">La responsable del tratamiento de sus datos es Dña. Sarah Rios con NIF 79033500A, abogada colegiada núm. 4.057 del Ilustre Colegio de la Abogacía de Vigo, Graduada en Derecho y en el Máster de Abogacía por la Universidad de Vigo, con domicilio sito en Rúa do Panasco núm. 14, 36350 Nigrán, Pontevedra; correo electrónico info@abogadaenextranjeria.com y número de teléfono 611732778. La titularidad del dominio del sitio web pertenece a Dña. Sarah Rios, así como su uso y explotación.</li>



<li class="has-heading-font-family">La base de legitimación de Dña. Sarah Rios para el tratamiento de sus datos a través de este Sitio Web se encuentra en su consentimiento al mismo, así como la ejecución del contrato. La información personal que nos facilite será tratada con el fin de prestar los servicios objeto de contrato, también podrá ser utilizada para responder a las consultas realizadas a través de cualquier vía, envío de facturas o cualquier información que pudiera ser de su interés o necesaria para una correcta gestión del expediente. El interesado podrá retirar su consentimiento en cualquier momento enviando un correo electrónico a la siguiente dirección: info@abogadaenextranjeria.com.</li>



<li class="has-heading-font-family">Usted consiente expresamente la cesión de sus datos a terceros cuando sea necesario para la correcta prestación del servicio.</li>



<li class="has-heading-font-family">Los datos proporcionados se conservarán durante el tiempo que dure la relación contractual y durante el plazo por el cual pudieran derivarse responsabilidades por los servicios prestados. Estos plazos son los siguientes: 6 años respecto a los libros de contabilidad, facturas, etc. de conformidad con el artículo 30 del Código de Comercio; 5 años para las acciones personales sin plazo especial, según el artículo 1964 del Código Civil; 10 años para las acciones derivadas de la Ley 10/2010, de 28 de abril, de Prevención de Blanqueo de Capitales y Financiación del terrorismo, según lo dispuesto en su artículo 25; y 4 años respecto a obligaciones tributarias, atendiendo a los artículos 66 y siguientes de la Ley General Tributaria.</li>



<li class="has-heading-font-family">Derechos del usuario en relación con sus datos:</li>
</ul>



<p class="has-heading-font-family">&#8211; Acceder a sus datos personales,</p>



<p class="has-heading-font-family">&#8211; Solicitar la rectificación de los datos inexactos o</p>



<p class="has-heading-font-family">&#8211; Solicitar la supresión de sus datos,</p>



<p class="has-heading-font-family">&#8211; Solicitar la limitación al tratamiento de sus datos,</p>



<p class="has-heading-font-family">&#8211; Oponerse al tratamiento de sus datos,</p>



<p class="has-heading-font-family">&#8211; Solicitar su portabilidad, </p>



<p class="has-heading-font-family">&#8211; Solicitar el derecho al olvido,</p>



<p class="has-heading-font-family">&#8211; No ser objeto de decisiones basadas únicamente en el tratamiento automatizado de datos.</p>



<p class="has-heading-font-family">Puede ejercer todos estos derechos enviando un correo electrónico a la dirección: info@abogadaenextranjeria.com indicando su nombre completo, el derecho que desea ejercer y aportando una copia de su documento de identificación.</p>



<ul class="wp-block-list">
<li class="has-heading-font-family">La responsable mantiene los niveles de seguridad de protección de datos personales de conformidad a lo dispuesto en la legislación aplicable, empleando medios técnicos que eviten la pérdida, mal uso, alteración, acceso no autorizado o robo de datos, no obstante, se advierte, debido al avance de las nuevas tecnologías, de la susceptibilidad de cualquier Sitio Web para ser víctima de un ciberataque.</li>



<li class="has-heading-font-family">La responsable se compromete a cumplir con el deber de secreto y confidencialidad para con sus datos, y a ceder los mismos en condiciones de seguridad cuando sea necesario para la prestación del servicio.</li>



<li class="has-heading-font-family">La responsable se reserva el derecho de revisar esta Política de Privacidad en el momento que lo considere. Cuando así lo efectúe se comunicará al usuario.</li>



<li class="has-heading-font-family">El interesado declara haber sido informado de las condiciones sobre protección de datos personales, aceptando y consintiendo el tratamiento de los mismos por parte de Dña. Sarah Rios, en la forma y para las finalidades indicadas.</li>
</ul>

<p>Con la finalidad de dar cumplimiento a lo dispuesto en el Reglamento (UE) 2016/679 del Parlamento Europeo y del Consejo, de 27 de abril de 2016, relativo a la Protección de las Personas Físicas en lo que respecta el Tratamiento de Datos Personales y a la Libre Circulación de estos, en la Ley Orgánica 3/2018, [&hellip;]</p>
