{"id":115,"date":"2024-06-27T10:49:33","date_gmt":"2024-06-27T08:49:33","guid":{"rendered":"https:\/\/abogadaenextranjeria.com\/wordpress\/?page_id=115"},"modified":"2024-07-18T11:49:47","modified_gmt":"2024-07-18T09:49:47","slug":"nuestra-historia","status":"publish","type":"page","link":"https:\/\/abogadaenextranjeria.com\/?page_id=115","title":{"rendered":"Nuestra historia"},"content":{"rendered":"\n<div class=\"wp-block-group alignfull has-background is-layout-flow wp-block-group-is-layout-flow\" style=\"background-color:#697320ad;margin-top:0;margin-bottom:0;padding-top:var(--wp--preset--spacing--50);padding-right:var(--wp--preset--spacing--50);padding-bottom:var(--wp--preset--spacing--50);padding-left:var(--wp--preset--spacing--50)\">\n<div class=\"wp-block-columns alignwide is-layout-flex wp-container-core-columns-is-layout-1da03c2a wp-block-columns-is-layout-flex\">\n<div class=\"wp-block-column is-vertically-aligned-stretch has-small-font-size is-layout-flow wp-block-column-is-layout-flow\" style=\"flex-basis:50%\">\n<div class=\"wp-block-group is-vertical is-content-justification-stretch is-layout-flex wp-container-core-group-is-layout-444d5ee8 wp-block-group-is-layout-flex\" style=\"min-height:100%\">\n<p class=\"has-heading-font-family\" style=\"font-size:clamp(0.929rem, 0.929rem + ((1vw - 0.2rem) * 0.777), 1.4rem);\">Llevamos m\u00e1s de dos a\u00f1os centrados en el estudio y puesta en pr\u00e1ctica del Derecho de Extranjer\u00eda, a trav\u00e9s del asesoramiento y acompa\u00f1amiento de personas inmigrantes. <\/p>\n\n\n\n<p class=\"has-heading-font-family\" style=\"font-size:clamp(0.929rem, 0.929rem + ((1vw - 0.2rem) * 0.777), 1.4rem);\">Nos caracteriza el buen trato al cliente, tratamos de entablar una relaci\u00f3n de confianza con \u00e9l en la que se sienta atendido en todo momento. Somos conscientes de lo que este tipo de tr\u00e1mites significa para las personas, por eso cuando se nos encomienda un asunto lo tramitamos con rapidez y compromiso, d\u00e1ndole un enfoque lo m\u00e1s \u00fatil y eficaz posible. Nuestro objetivo radica en garantizar la igualdad de oportunidades para todos, as\u00ed como servir de apoyo en el \u00e1mbito del Derecho de Extranjer\u00eda.<\/p>\n\n\n\n<p class=\"has-heading-font-family\" style=\"font-size:clamp(0.929rem, 0.929rem + ((1vw - 0.2rem) * 0.777), 1.4rem);\">Abogada especializada en Derecho de Extranjer\u00eda es un despacho de abogados con sede en la provincia de Pontevedra, pero que presta sus servicios a todo el territorio nacional. La abogada titular del despacho es D\u00f1a. Sarah  Rios, colegiada por el Ilustre Colegio de la Abogac\u00eda de Vigo, esta cuenta con a\u00f1os de experiencia centrados en el asesoramiento a personas inmigrantes asentadas en Espa\u00f1a.<\/p>\n<\/div>\n<\/div>\n\n\n\n<div class=\"wp-block-column is-vertically-aligned-center is-layout-flow wp-block-column-is-layout-flow\" style=\"flex-basis:50%\">\n<blockquote class=\"wp-block-quote is-style-default is-layout-flow wp-container-core-quote-is-layout-8a368f38 wp-block-quote-is-layout-flow\" style=\"font-size:clamp(1.039rem, 1.039rem + ((1vw - 0.2rem) * 0.925), 1.6rem);\">\n<p>\u00abTras dos a\u00f1os ejerciendo como profesional en una organizaci\u00f3n sin \u00e1nimo de lucro y descubrir la gratificaci\u00f3n que me proporciona el \u00e1mbito de la extranjer\u00eda, impulso este proyecto para seguir desarrollando el conocimiento en la materia y ofrecer un servicio de calidad y apoyo a las personas migrantes\u00bb<\/p>\n<cite>Ltda. Sarah Rios<\/cite><\/blockquote>\n\n\n\n<figure class=\"wp-block-image aligncenter size-large is-resized\"><img loading=\"lazy\" decoding=\"async\" width=\"683\" height=\"1024\" src=\"https:\/\/abogadaenextranjeria.com\/wp-content\/uploads\/2024\/07\/pexels-cottonbro-4855351-683x1024.jpg\" alt=\"\" class=\"wp-image-303\" style=\"width:339px;height:auto\" srcset=\"https:\/\/abogadaenextranjeria.com\/wp-content\/uploads\/2024\/07\/pexels-cottonbro-4855351-683x1024.jpg 683w, https:\/\/abogadaenextranjeria.com\/wp-content\/uploads\/2024\/07\/pexels-cottonbro-4855351-200x300.jpg 200w, https:\/\/abogadaenextranjeria.com\/wp-content\/uploads\/2024\/07\/pexels-cottonbro-4855351-768x1152.jpg 768w, https:\/\/abogadaenextranjeria.com\/wp-content\/uploads\/2024\/07\/pexels-cottonbro-4855351-1024x1536.jpg 1024w, https:\/\/abogadaenextranjeria.com\/wp-content\/uploads\/2024\/07\/pexels-cottonbro-4855351-1365x2048.jpg 1365w, https:\/\/abogadaenextranjeria.com\/wp-content\/uploads\/2024\/07\/pexels-cottonbro-4855351-600x900.jpg 600w, https:\/\/abogadaenextranjeria.com\/wp-content\/uploads\/2024\/07\/pexels-cottonbro-4855351-scaled.jpg 1706w\" sizes=\"auto, (max-width: 683px) 100vw, 683px\" \/><\/figure>\n<\/div>\n<\/div>\n<\/div>\n","protected":false},"excerpt":{"rendered":"<p>Llevamos m\u00e1s de dos a\u00f1os centrados en el estudio y puesta en pr\u00e1ctica del Derecho de Extranjer\u00eda, a trav\u00e9s del asesoramiento y acompa\u00f1amiento de personas inmigrantes. Nos caracteriza el buen trato al cliente, tratamos de entablar una relaci\u00f3n de confianza con \u00e9l en la que se sienta atendido en todo momento. Somos conscientes de lo [&hellip;]<\/p>\n","protected":false},"author":1,"featured_media":0,"parent":0,"menu_order":0,"comment_status":"closed","ping_status":"closed","template":"","meta":{"footnotes":""},"class_list":["post-115","page","type-page","status-publish","hentry"],"_links":{"self":[{"href":"https:\/\/abogadaenextranjeria.com\/index.php?rest_route=\/wp\/v2\/pages\/115","targetHints":{"allow":["GET"]}}],"collection":[{"href":"https:\/\/abogadaenextranjeria.com\/index.php?rest_route=\/wp\/v2\/pages"}],"about":[{"href":"https:\/\/abogadaenextranjeria.com\/index.php?rest_route=\/wp\/v2\/types\/page"}],"author":[{"embeddable":true,"href":"https:\/\/abogadaenextranjeria.com\/index.php?rest_route=\/wp\/v2\/users\/1"}],"replies":[{"embeddable":true,"href":"https:\/\/abogadaenextranjeria.com\/index.php?rest_route=%2Fwp%2Fv2%2Fcomments&post=115"}],"version-history":[{"count":7,"href":"https:\/\/abogadaenextranjeria.com\/index.php?rest_route=\/wp\/v2\/pages\/115\/revisions"}],"predecessor-version":[{"id":304,"href":"https:\/\/abogadaenextranjeria.com\/index.php?rest_route=\/wp\/v2\/pages\/115\/revisions\/304"}],"wp:attachment":[{"href":"https:\/\/abogadaenextranjeria.com\/index.php?rest_route=%2Fwp%2Fv2%2Fmedia&parent=115"}],"curies":[{"name":"wp","href":"https:\/\/api.w.org\/{rel}","templated":true}]}}

<div class="wp-block-group alignfull has-background is-layout-flow wp-block-group-is-layout-flow" style="background-color:#697320ad;margin-top:0;margin-bottom:0;padding-top:var(--wp--preset--spacing--50);padding-right:var(--wp--preset--spacing--50);padding-bottom:var(--wp--preset--spacing--50);padding-left:var(--wp--preset--spacing--50)">
<div class="wp-block-columns alignwide is-layout-flex wp-container-core-columns-is-layout-1da03c2a wp-block-columns-is-layout-flex">
<div class="wp-block-column is-vertically-aligned-stretch has-small-font-size is-layout-flow wp-block-column-is-layout-flow" style="flex-basis:50%">
<div class="wp-block-group is-vertical is-content-justification-stretch is-layout-flex wp-container-core-group-is-layout-444d5ee8 wp-block-group-is-layout-flex" style="min-height:100%">
<p class="has-heading-font-family" style="font-size:clamp(0.929rem, 0.929rem + ((1vw - 0.2rem) * 0.777), 1.4rem);">Llevamos más de dos años centrados en el estudio y puesta en práctica del Derecho de Extranjería, a través del asesoramiento y acompañamiento de personas inmigrantes. </p>



<p class="has-heading-font-family" style="font-size:clamp(0.929rem, 0.929rem + ((1vw - 0.2rem) * 0.777), 1.4rem);">Nos caracteriza el buen trato al cliente, tratamos de entablar una relación de confianza con él en la que se sienta atendido en todo momento. Somos conscientes de lo que este tipo de trámites significa para las personas, por eso cuando se nos encomienda un asunto lo tramitamos con rapidez y compromiso, dándole un enfoque lo más útil y eficaz posible. Nuestro objetivo radica en garantizar la igualdad de oportunidades para todos, así como servir de apoyo en el ámbito del Derecho de Extranjería.</p>



<p class="has-heading-font-family" style="font-size:clamp(0.929rem, 0.929rem + ((1vw - 0.2rem) * 0.777), 1.4rem);">Abogada especializada en Derecho de Extranjería es un despacho de abogados con sede en la provincia de Pontevedra, pero que presta sus servicios a todo el territorio nacional. La abogada titular del despacho es Dña. Sarah  Rios, colegiada por el Ilustre Colegio de la Abogacía de Vigo, esta cuenta con años de experiencia centrados en el asesoramiento a personas inmigrantes asentadas en España.</p>
</div>
</div>



<div class="wp-block-column is-vertically-aligned-center is-layout-flow wp-block-column-is-layout-flow" style="flex-basis:50%">
<blockquote class="wp-block-quote is-style-default is-layout-flow wp-container-core-quote-is-layout-8a368f38 wp-block-quote-is-layout-flow" style="font-size:clamp(1.039rem, 1.039rem + ((1vw - 0.2rem) * 0.925), 1.6rem);">
<p>«Tras dos años ejerciendo como profesional en una organización sin ánimo de lucro y descubrir la gratificación que me proporciona el ámbito de la extranjería, impulso este proyecto para seguir desarrollando el conocimiento en la materia y ofrecer un servicio de calidad y apoyo a las personas migrantes»</p>
<cite>Ltda. Sarah Rios</cite></blockquote>



<figure class="wp-block-image aligncenter size-large is-resized"><img loading="lazy" decoding="async" width="683" height="1024" src="https://abogadaenextranjeria.com/wp-content/uploads/2024/07/pexels-cottonbro-4855351-683x1024.jpg" alt="" class="wp-image-303" style="width:339px;height:auto" srcset="https://abogadaenextranjeria.com/wp-content/uploads/2024/07/pexels-cottonbro-4855351-683x1024.jpg 683w, https://abogadaenextranjeria.com/wp-content/uploads/2024/07/pexels-cottonbro-4855351-200x300.jpg 200w, https://abogadaenextranjeria.com/wp-content/uploads/2024/07/pexels-cottonbro-4855351-768x1152.jpg 768w, https://abogadaenextranjeria.com/wp-content/uploads/2024/07/pexels-cottonbro-4855351-1024x1536.jpg 1024w, https://abogadaenextranjeria.com/wp-content/uploads/2024/07/pexels-cottonbro-4855351-1365x2048.jpg 1365w, https://abogadaenextranjeria.com/wp-content/uploads/2024/07/pexels-cottonbro-4855351-600x900.jpg 600w, https://abogadaenextranjeria.com/wp-content/uploads/2024/07/pexels-cottonbro-4855351-scaled.jpg 1706w" sizes="auto, (max-width: 683px) 100vw, 683px" /></figure>
</div>
</div>
</div>

<p>Llevamos más de dos años centrados en el estudio y puesta en práctica del Derecho de Extranjería, a través del asesoramiento y acompañamiento de personas inmigrantes. Nos caracteriza el buen trato al cliente, tratamos de entablar una relación de confianza con él en la que se sienta atendido en todo momento. Somos conscientes de lo [&hellip;]</p>
